ommon factor of t and o.
17
Let b(z) = z**2 - 4. Let v(j) = -6*j - 4 + 0 + 8 - j**2. Let s be v(-6). Let c be b(s). What is the highest common factor of c and 8?
4
Suppose 8 = -2*j + 4*j. Suppose g + 5 = -5*r, 0 = -3*r - r - j. Suppose g*v = 2*v - 24. Calculate the highest common factor of 24 and v.
12
Let o(c) = c**3 - 8*c**2 + c - 4. Let v be o(8). Calculate the greatest common divisor of 4 and v.
4
Suppose -4*t + 2*n - 191 = 215, -4*t - 411 = -3*n. Let k = -71 - t. Calculate the greatest common factor of k and 42.
14
Let m(k) = -k**3 - 3*k**2 - k + 1. Let i be m(-3). Suppose 5*q + 185 = 225. Calculate the highest common factor of i and q.
4
Let w(b) = 39*b + 6. Let d be w(10). Calculate the greatest common divisor of 9 and d.
9
Let j = 89 - 69. Let u(w) = -w**3 - 6*w**2 - 5*w + 4. Let p be u(-5). Calculate the highest common divisor of p and j.
4
Let t(l) = l**2 - 14*l - 9. Let y be t(15). Calculate the greatest common divisor of 66 and y.
6
Suppose -l - 5*a = -41, -4*a = l + l - 100. Let k = 9 - 15. Let h = k - -14. Calculate the greatest common divisor of h and l.
8
Let b(a) = -a**3 - 7*a**2 - 5*a + 1. Let p be b(-7). Calculate the highest common factor of 12 and p.
12
Let v be -100*(6/(-20))/((-34)/(-85)). Calculate the greatest common factor of v and 25.
25
Let w(u) = 197*u - 1. Let r be w(1). Calculate the greatest common factor of r and 28.
28
Let w(o) = o - 2. Let a be w(2). Suppose a = -2*z + 4*i + 10, 5*z - 2*i + 0*i = 49. Calculate the highest common divisor of 11 and z.
11
Let n be -3 + 105 - (4 + 1/(-1)). Let c = 107 + -53. Let o = n - c. Calculate the greatest common divisor of 5 and o.
5
Suppose -22 + 7 = 2*u + 5*c, -40 = -5*u + 3*c. Let z = 1 - 1. Let i = u - z. Calculate the highest common factor of i and 15.
5
Let g(f) = 2*f**2 + 32*f - 10. Let z be g(-17). Suppose -3*k - 8 - 2 = -s, 3*s - 42 = 3*k. Calculate the highest common divisor of s and z.
8
Let t(y) = 9*y - 6. Let o be t(5). Let x(k) = -k**3 - 9*k**2 + 13. Let s be x(-9). What is the highest common divisor of o and s?
13
Suppose 2*k + 3*s - 24 = 0, -2*k - 3*k = 5*s - 55. Let z(a) = 15*a - 3. Let p be z(5). Calculate the greatest common factor of k and p.
9
Let p(z) be the third derivative of 0 + 0*z - 1/6*z**3 + 1/60*z**5 + 1/24*z**4 + z**2. Let f be p(-5). Calculate the greatest common factor of 114 and f.
19
Let x = -23 - -42. What is the highest common divisor of 95 and x?
19
Suppose -4*y = y - 10. Let c(g) = g**2 - g + 1. Let p be c(y). What is the highest common divisor of 21 and p?
3
Let p(u) = u**3 - 8*u**2 + 9*u - 2. Let n be p(7). Calculate the highest common divisor of n and 12.
12
Suppose 3*h + 330 = 3*r, -2*r + 5*h = r - 332. Suppose 836 = 5*t + d - r, -5*d - 378 = -2*t. Let s = 1 + 20. What is the greatest common factor of s and t?
21
Let u = 37 + -29. Calculate the greatest common factor of u and 4.
4
Let y = 3 + -1. Let i(n) = -3*n + 21. Let f be i(6). Suppose 23 = 4*k + b, y*k + k - 15 = -f*b. What is the highest common divisor of 6 and k?
6
Let k = 19 - 10. Suppose 5*s - 14 = -4*q, -3*q = 5*s - 4*q - k. Let w = -2 - -4. Calculate the greatest common factor of s and w.
2
Let m be 6 - 0 - (-2 - -4). Let l(x) = 19*x - 3. Let q be l(m). Let t = q - 37. What is the greatest common divisor of 9 and t?
9
Let a = -64 - -82. Calculate the highest common factor of a and 63.
9
Let k(d) = d**2 - 3*d + 2. Let j be k(5). What is the highest common divisor of j and 36?
12
Let s = -61 + 77. Calculate the highest common divisor of s and 176.
16
Let v be 2 + 89 + 0/(-1). Calculate the highest common divisor of 13 and v.
13
Suppose -3*u + 98 = -5*t, 0*t = u + 2*t - 18. Calculate the highest common divisor of u and 39.
13
Suppose -m = -4 + 2. Suppose 4*s = -5*z + 12, -15 = z - 2*z - 5*s. Let i = m + z. Calculate the highest common divisor of 2 and i.
2
Suppose 5*i = -3*y + 98, -y + 80 = 4*i + y. Let b = i - 10. What is the highest common divisor of b and 8?
4
Suppose -1 + 5 = 2*q. Let f(h) = 81*h**3 + h**2. Let o be f(1). Suppose -2*r + 102 + 86 = -q*x, -o = -r - 2*x. Calculate the highest common factor of r and 10.
10
Suppose 4*a - 6*t = -3*t + 22, -a + 9 = t. Let f(j) = 3*j**2 + 9*j - 7. Let q be f(-7). Calculate the greatest common divisor of q and a.
7
Let d = -5 - -8. Suppose -11 = -d*t + 16. Suppose 3*l + m = 24, -3*l + 0*m + 36 = -3*m. What is the greatest common divisor of t and l?
9
Suppose -3*i = -5*i + 18. Let c(y) = -y + 5. Let w be c(-4). What is the greatest common factor of w and i?
9
Suppose -h = -2 - 3. Suppose -g + 126 = 2*g. Let z be g/3 - (-1)/1. What is the greatest common divisor of z and h?
5
Let p be (40 - 38)*(-1)/(-2). Suppose 0*a - i - 7 = -2*a, -4*a - 3*i - 11 = 0. Suppose q = 6 - a. Calculate the greatest common factor of q and p.
1
Suppose -9*y = -37 - 62. What is the highest common factor of y and 253?
11
Suppose 0*x = 2*x. Suppose u - 36 - 24 = x. Let i = 19 - 4. Calculate the highest common divisor of u and i.
15
Let r be ((-38)/(-3))/(6/9). Let n be -133*1/2*-2. Calculate the highest common divisor of r and n.
19
Let o = -7 - -11. Let b(k) = 3*k - 5. Let s be b(o). Suppose -s*m = -2*m - 90. Calculate the highest common divisor of m and 54.
18
Let s = -8 + 16. Let i be (-1 + 0)/((-6)/6). Let j = i - -11. What is the greatest common factor of j and s?
4
Let j(h) = h**3 + 6*h**2 + h + 8. Let b be j(-6). Let p = b + 22. What is the greatest common factor of p and 6?
6
Let q be (-40)/(-50)*70/4. What is the highest common divisor of q and 154?
14
Suppose k = -3*q + 12, 0 = k + 2*k + 2*q - 22. Let f(d) = -d**3 + 6*d**2 + 8*d - 2. Let p be f(k). What is the greatest common factor of 23 and p?
23
Suppose 114 = 5*v + 4. Calculate the highest common divisor of 11 and v.
11
Let w be 4/((-16)/(-12)) + -15. Let k = 40 + w. What is the highest common factor of 4 and k?
4
Suppose 83 = 4*z - 4*b - 33, 4*z - 107 = b. What is the highest common factor of z and 208?
26
Suppose -51 = -5*k + 59. Calculate the highest common divisor of 88 and k.
22
Let o(q) = -q**2 - 4*q + 7. Let f be o(-5). Let k = 0 + f. Let w = 25 + k. What is the greatest common factor of w and 3?
3
Suppose 0 = -0*d + d - 3. Suppose -z = d*z - 20. Suppose -k - j + 40 = 0, k + 6*j = j + 60. Calculate the greatest common divisor of z and k.
5
Let n(w) = 26*w + 7. Let q be n(-4). Let h = q + 169. Calculate the greatest common divisor of 8 and h.
8
Suppose -2*f - f + 19 = 4*h, -17 = -5*h + 3*f. Let x be 41 + (16/2 - h). Calculate the greatest common divisor of x and 18.
9
Let o(j) = j**3 - 10*j**2 + 10*j - 8. Let b be o(9). What is the highest common factor of b and 8?
1
Let v = 11 - 6. Let s(a) = a + 4. Suppose 0 = 5*f - 4 + 19. Let t be s(f). Calculate the highest common divisor of t and v.
1
Let h(b) = 4*b - 3. Let x be h(2). Suppose 0*w = -x*w + 65. What is the highest common factor of 104 and w?
13
Let x(s) = -4*s**2 + 3. Let k be x(5). Let o = 244 + k. Let m = -46 - -67. What is the highest common factor of o and m?
21
Let b(u) = -4*u**3 + 2*u**2 + 8*u + 3. Let r be b(-3). Calculate the greatest common divisor of 42 and r.
21
Let c = -109 - -46. Let t = c + 88. Calculate the greatest common factor of 175 and t.
25
Let o = 33 + -13. Suppose -r + o = r. Let c = 20 + -10. What is the highest common factor of c and r?
10
Suppose f + 2*f = 144. Suppose 75*p - 71*p - 64 = 0. Calculate the highest common factor of p and f.
16
Suppose 4*x + 33 = 3*i, -i + 5*x = x - 11. Let p = -7 - -8. What is the highest common divisor of i and p?
1
Let u(r) = 5*r**3 - 4*r**2 + 4*r - 2. Suppose -2*c = 2 - 6. Let x be u(c). Calculate the greatest common divisor of 75 and x.
15
Let k be 2*1/(2/55). Calculate the greatest common divisor of 5 and k.
5
Let y = -15 + 15. Suppose -5*v = -y*v - 10. What is the greatest common divisor of 5 and v?
1
Suppose 35 = -7*t + 2*t. Suppose -23 = s - 6. Let d = t - s. What is the greatest common divisor of 110 and d?
10
Let b be -30*(-7 + (6 - 3)). Calculate the highest common divisor of 15 and b.
15
Let n = -28 - -154. Suppose -3*l + n = -0*l. Calculate the greatest common factor of 28 and l.
14
Suppose -44 = 4*t - 8*t. What is the greatest common factor of t and 11?
11
Let m = -3 + -20. Let o = -12 - m. What is the highest common divisor of 22 and o?
11
Let d = 8 - 4. 